*3 + 7*z**2 - 4*z + 12. Calculate the remainder when 82 is divided by g(u).
40
Suppose -10 = 3*q - 16. Suppose 4*n = -q*l + 8, -l + 25 = -4*n - 3. What is the remainder when 43 is divided by l?
7
Let i(m) = -448*m. Calculate the remainder when i(-1) is divided by 91.
84
What is the remainder when (-48)/18 + (-2723)/(-21) is divided by 30?
7
Suppose -k + 1 = 0, -2*k = 8*z - 3*z - 442. What is the remainder when z is divided by 23?
19
Suppose 126*q = 137*q - 264. What is the remainder when (38/6)/((-2)/(-30)) is divided by q?
23
Suppose 5*z + 15 = 0, -u - z + 109 = 63. Calculate the remainder when 150 is divided by u.
3
Suppose 8*c = 21 + 19. Suppose -16 = -4*v - c*p, -3*v = -0*p - p - 31. What is the remainder when 20 is divided by v?
2
Let r be (-2)/((-2)/1) + -23. Let d = r - -9. Let j(x) = x + 26. What is the remainder when 36 is divided by j(d)?
10
Let i = -30 + 35. Suppose i*n + 14 = 659. Suppose -n - 8 = -s. Calculate the remainder when s is divided by 35.
32
Suppose -448 = -34*w + 2*w. Calculate the remainder when 152 is divided by w.
12
Let p(c) = -5*c + 9*c + 0 + 8 + 2*c**2. What is the remainder when 71 is divided by p(-4)?
23
Suppose 2*h - 58 = -4*z, z + 2*z + 4*h - 41 = 0. Calculate the remainder when z is divided by 10.
5
Let g = 14 - 4. What is the remainder when g is divided by 88/77 + 26/14?
1
Suppose 20*x - 40*x + 4000 = 0. Calculate the remainder when x is divided by 17.
13
Let u(o) = o**2 + 3*o + 5. Calculate the remainder when u(-13) is divided by 24.
15
Let z(g) = -g**3 - 5*g**2 + 33*g + 2. Calculate the remainder when 143 is divided by z(-9).
27
Let k be 2 + -1 - 29/(-1). Let g = 48 - k. What is the remainder when 69 is divided by g?
15
Let a(i) = -i**2 + 15*i - 13. Let l be a(12). Let f = -14 + l. Suppose 0 = -3*o + 15, -x + f + 16 = 2*o. What is the remainder when 26 is divided by x?
11
Suppose 34*u - 2112 = -10*u. What is the remainder when 186 is divided by u?
42
Suppose 0 = -38*j + 34*j + 28. Suppose 103 - 404 = -j*z. What is the remainder when z is divided by 15?
13
Let a = 1 + 2. Suppose -a*p + 21 = -111. Suppose -2*h = -2*l - 108, l = -h + 4*l + p. Calculate the remainder when h is divided by 15.
14
Suppose -5*r - 98 = -253. Suppose 11*x - 7*x - 44 = 0. Calculate the remainder when r is divided by x.
9
Calculate the remainder when 142 is divided by (1 + (-34)/10)*(-4 - 1).
10
Suppose 5*p + 67 = 4*x, p = -2 - 1. What is the remainder when x is divided by -4*(-1)/(-1)*-1?
1
Suppose -v + p = -34, -3*v - 2*p = p - 132. Calculate the remainder when 136 is divided by v.
19
Let r(a) = 23 + 36 - 85 + 3*a. What is the remainder when r(14) is divided by 9?
7
Let s(j) = -2 + 5*j**2 - 3*j**2 - j**2 - 9*j - 2*j**2. What is the remainder when s(-8) is divided by 5?
1
Suppose -2*n + 4*o + 24 = 0, 4*n + 2*o + 9 = 7. Calculate the remainder when ((-285)/(-9))/(-5)*-3 is divided by n.
1
Suppose 4 = -2*c, 0*z = 3*z + 5*c - 131. What is the remainder when 107 is divided by z?
13
Suppose -4*k = -0 + 16, 5*d - 4*k - 86 = 0. Let a = 24 + d. What is the remainder when 110 is divided by a?
34
Suppose 0 = -3*k - 65 + 2. Let u be (-2)/(-7) - 78/k. Suppose 0 = u*g - 0*a + 5*a, 5*g = 5*a + 45. What is the remainder when 10 is divided by g?
0
Let x(p) = 13*p + 38. Let m be x(-5). What is the remainder when 120 is divided by 21/m - -1 - (-554)/18?
27
Let i(j) = 2*j + 40. What is the remainder when 158 is divided by i(-12)?
14
Suppose 3*x + 2*r = 511, 3*x - 4*x = -r - 177. Calculate the remainder when x is divided by 15.
8
Suppose l - 5 = 2*d, 4*l - 9*d = -4*d + 35. What is the remainder when 106 is divided by l?
1
Suppose 2*q + 18 = 2. Let x = 21 - q. Let i = 1569 - 1559. Calculate the remainder when x is divided by i.
9
Suppose 6*o - 291 = 267. Let i = 102 - o. What is the remainder when 26 is divided by i?
8
Let a(t) = -t + 9. Let c be a(11). Suppose -g + 14 = 4*q, 13 = 5*g + 3*q - 2*q. What is the remainder when (-40)/(-30) - c/3 is divided by g?
0
Let b be (51/(-9))/((-2)/6). Suppose 2*a + b = -5*h, -4*a - 2 = -2*h - 4. Calculate the remainder when (5 - -5)/(a/(-3)) is divided by 11.
8
Let w(c) = -16*c + 10*c**2 + 34 + 22 - 7*c**2. Let x(r) = r**2 - 5*r + 19. Let g(o) = 6*w(o) - 17*x(o). Calculate the remainder when 48 is divided by g(11).
9
Let d = -276 - -281. Calculate the remainder when 140 is divided by d.
0
Let l(g) = g**2 - 12*g + 1. Let u be l(11). Let x = u + 15. Suppose -142 - x = -7*q. Calculate the remainder when 41 is divided by q.
20
Let t = -92 - -98. Suppose 34 = 4*s - t. Calculate the remainder when 109 is divided by s.
9
Let t(s) = 13*s**3 + s. Let m = 9493 + -9369. What is the remainder when m is divided by t(1)?
12
Let y(f) = f**3 + 23*f**2 + 86*f - 15. What is the remainder when y(-18) is divided by 12?
9
Suppose 19*w - 18*w = h - 856, 0 = -h - 4*w + 851. What is the remainder when h is divided by 78?
75
Let h = 14 + 173. Let d = 50 + h. What is the remainder when d is divided by 34?
33
Suppose -2*l = 5*t - 165, -3*l + 282 = 3*t + 39. Calculate the remainder when l is divided by 43.
37
Let y = 254 - 160. What is the remainder when y is divided by 19?
18
Let v be 3 - (-3 + 6 - -1). Suppose -6*r = -r - 150. What is the remainder when 9 is divided by ((-2)/v)/(12/r)?
4
Suppose 28*i - 31*i + 573 = -k, 3*i - 561 = -3*k. What is the remainder when i is divided by 16?
14
Suppose 0 = -2*m - 2*r + 9 + 125, m + 3*r = 71. Calculate the remainder when m is divided by 24.
17
Suppose 4*h = 8, 2*b - b = -3*h + 246. Calculate the remainder when b is divided by 52.
32
Suppose 82 - 160 = -6*s. Calculate the remainder when 324 is divided by s.
12
Let f(m) be the first derivative of -m**4/4 + 2*m**3/3 + m**2 + 18*m + 11. Calculate the remainder when f(0) is divided by 4.
2
Let t(k) = k**3 + 7*k**2 + 7*k + 14. Let z(u) = -2*u + 14. Let i be z(10). What is the remainder when 37 is divided by t(i)?
5
Let h(c) be the second derivative of 23*c**3/6 - c**2/2 - 20*c. What is the remainder when 40 is divided by h(1)?
18
Suppose -2*t + 5*w + 2 + 19 = 0, -t - 3*w + 16 = 0. Suppose 0 = -d + 5*v + 28, 8 = 3*d + 2*v + 2*v. Calculate the remainder when t is divided by d.
5
Let s(c) = c**3 - 8*c**2 + 2*c - 4. Let k be s(4). Let r = k + 69. Calculate the remainder when 116 is divided by r.
8
Let c(l) = -3*l + 114. What is the remainder when 83 is divided by c(36)?
5
Suppose -i + 5*n + 183 = 0, 0 = 2*i - 3*n + 8*n - 306. What is the remainder when i is divided by 41?
40
Let n be 1/2*(-1 + 3). Let f(g) = 26*g**3 + g**2 - 2*g + 1. Let o be f(n). Calculate the remainder when o/(-13) - (-1 + -79) is divided by 27.
24
Let d be -2 - (4 - (-3 - 0)). Let m = d - -21. Suppose 4*z = m, 5*h = 2*h + 3*z + 150. What is the remainder when h is divided by 18?
17
Calculate the remainder when 717 is divided by 16 + -16 - (-13)/(26/60).
27
Let i be ((-3)/1)/((-12)/(-108)). Let n = 26 + i. What is the remainder when (30 - n) + 12/3 is divided by 13?
9
What is the remainder when 160 is divided by 14/(-6)*17/((-68)/72)?
34
Suppose 4*w = 5*w + 2. Let z(i) = -2*i**2 - 5*i - 1. Let t = -3 - -4. Calculate the remainder when t is divided by z(w).
0
Calculate the remainder when 67*((2 - -23) + -10) is divided by 144.
141
Let u(w) be the first derivative of 6*w**2 - 35*w + 13. Calculate the remainder when u(4) is divided by 6.
1
Let v(q) = q**2 - 6*q + 1. Let h be v(6). Let x = 4 - h. Let r(g) = g + 2. What is the remainder when x is divided by r(-1)?
0
Suppose 8*a - 15 = 89. Calculate the remainder when a is divided by 5.
3
Suppose 0 = -4*r - 9*m + 7*m + 108, -4*r = 5*m - 102. Let k(o) = o**3 - o**2 - o. Calculate the remainder when r is divided by k(3).
13
Suppose -2*a = -6*a + 112. Let u = 19 - a. Let z = 43 + u. Calculate the remainder when z is divided by 18.
16
Let m = 60 - 49. Let r(x) = x**3 - 11*x**2 + x + 7. Calculate the remainder when r(11) is divided by m.
7
Suppose 2*w - 102 = -3*r, r - w - 51 = 4*w. Suppose -4*y + 128 = -0*y. What is the remainder when r is divided by (-2)/((y/(-52))/4)?
10
Let x(a) = 2*a**2 + 2*a + 16. Calculate the remainder when x(4) is divided by 5.
1
Suppose -s - 11*k = -15*k - 38, -5*k - 160 = -5*s. What is the remainder when -29*(-2 + -1 - 0) is divided by s?
27
Let c = -122 - -124. Suppose 67 + 55 = c*a. What is the remainder when a is divi